t are the prime factors of m(-8)?
2
Let q(r) = 32*r**2 + 16*r**2 - 2 - 11*r**2 + 6*r**2. List the prime factors of q(-2).
2, 5, 17
Let d be (94/(-3))/(10/15). Let m = -32 - d. What are the prime factors of m?
3, 5
List the prime factors of 815*36/30 - (-1 + -4).
983
Suppose -i + 1 = -3. Suppose u + 4 = v, i*u - 3*u - 20 = -5*v. Suppose 9*s - 6*s - 42 = u. List the prime factors of s.
2, 7
Let s(z) = -z + 4. Let q be s(4). Suppose 7*r - 23 = -2. Suppose r*h = -q*h + 57. List the prime factors of h.
19
Let f(w) = w**2 - 16*w + 13. Let b be f(8). Let o = 60 + b. What are the prime factors of o?
3
Let b(m) = m**2 + 2*m - 2. Let q be b(2). Let n(j) = -6*j + 14. Let x be n(q). Let i = x + 32. What are the prime factors of i?
2, 5
Let s = 1720 + 532. List the prime factors of s.
2, 563
Let b(n) = 3*n + 25. Let m be b(-8). List the prime factors of m/((7 + -3)/280).
2, 5, 7
Let m = 14 + -10. Suppose -4*r - 11 = -a - 39, -m*a = -2*r + 28. Suppose -r*f = -10*f + 92. List the prime factors of f.
23
Let g = 1355 - 601. What are the prime factors of g?
2, 13, 29
Let c be 2 + -2 - (-12)/2. Let o = c - 6. Suppose 6*u - 3*u - 48 = o. List the prime factors of u.
2
Let h = 482 + -316. What are the prime factors of h*1*(-17)/(-34)?
83
Let b = -37 + 35. What are the prime factors of (-510)/(-8) + b/(-16)*-6?
3, 7
Let q(d) be the second derivative of d**3/6 + 5*d**2 - 21*d. What are the prime factors of q(9)?
19
Suppose -2*f + 36 = 2*f. Suppose -z = f - 44. Let n = z + 16. List the prime factors of n.
3, 17
Suppose p + 3*p = -p. Suppose 2*i + 2*i - 388 = p. What are the prime factors of i?
97
Let x(w) = -w + 14. Let v be x(10). Suppose -v*q - 5 = k, 4*k = -k - 25. Suppose q = -5*h + 69 + 26. List the prime factors of h.
19
Let h(a) = 4*a**2 + 31*a - 26. List the prime factors of h(-14).
2, 3
Let t = -37 - -32. List the prime factors of (-5)/(t/42) - (-2 + 1).
43
Suppose -27*s = -22*s - 920. Suppose 0 = -2*q - n + 5 + 81, 4*q + 5*n - s = 0. List the prime factors of q.
41
Let a = 107 + 20. What are the prime factors of a?
127
Let f(v) = -10*v**3 - 5*v**2 - 8*v - 8. List the prime factors of f(-4).
2, 73
Let q(c) = c**2 - 12*c + 4. Suppose -29*g + 25*g - 20 = 0. What are the prime factors of q(g)?
89
Let m(k) = k**3 - 6*k**2 + 7*k - 1. Let x be (3 - -3)*(-8)/(-12). Let h be m(x). List the prime factors of h*(-3 + 108/(-20)).
2, 3, 7
Let a(b) = -b**2 + 6*b - 6. Let o be a(4). Suppose -o*q + 2*n + 11 = q, -1 = -q - 2*n. Let c = q + 32. What are the prime factors of c?
5, 7
Suppose -12*r + 5031 = -3*r. Suppose -r = -3*s - 82. List the prime factors of s.
3, 53
Suppose 48*g + 2430 = 51*g. Suppose 9*m - g = -m. List the prime factors of m.
3
Suppose -6*r + 13 = 49. What are the prime factors of 132 - r*8/(-12)?
2
Suppose d - 2*d + 166 = -q, -4*q = -d + 163. Suppose 0 = -5*v + 2*p - 3*p + 157, 4*p = -4*v + 132. Suppose 0 = 4*c + v - d. List the prime factors of c.
2, 17
Let a = 6585 - 2672. List the prime factors of a.
7, 13, 43
Let z be 8 - 11 - (-10 + -1). Suppose 2*j - 2*d = -3*j - 28, 24 = -2*j + 4*d. What are the prime factors of (j/z)/((-1)/44)?
2, 11
Suppose 5*t - 20 = 20. Suppose -w = -3*f + t*f + 3, 2 = -w - 4*f. List the prime factors of (-9)/w*(-9 - -3).
3
Let c be ((-2)/(-1) - 1)*13. Let p = -238 + 257. Let q = p - c. What are the prime factors of q?
2, 3
Let o be (2 + -1)/(1/32). Let s(h) = h**2 - 8*h - 4. Let p be s(9). Suppose -2*f + 2*d + 0*d + o = 0, 3*d = -p*f + 64. List the prime factors of f.
2, 7
Let z(a) = -26*a - 6 + 19*a - 18*a. List the prime factors of z(-5).
7, 17
Suppose 5*x - 14107 + 5262 = 0. What are the prime factors of x?
29, 61
Suppose 212*i = 210*i + 562. List the prime factors of i.
281
Let r = -5 - -9. Let t(j) = 7*j - 6. List the prime factors of t(r).
2, 11
Let c(f) = -f**3 - 6*f**2 + 11*f - 9. Let i be (-65)/7 + (-18)/(-63). List the prime factors of c(i).
3, 5
Suppose 4*k + k = 0. Let j be -1*(-1 + 2 - (2 - 0)). List the prime factors of -2*(k/j - 2).
2
Suppose -2*s - 6*s - 8 = 0. List the prime factors of ((-57)/6)/(s/12).
2, 3, 19
Let i = 2157 - 1424. What are the prime factors of i?
733
Let h = 18 + 1. Suppose h + 19 = i. What are the prime factors of i?
2, 19
Let t(s) = 50*s - 24. List the prime factors of t(6).
2, 3, 23
Let k = 671 + -603. What are the prime factors of k?
2, 17
Suppose h = 4*k + 113, -4*h + 160 = -k - 217. List the prime factors of h.
3, 31
Suppose -z + 3*g = -85, 0*z - 330 = -5*z - 4*g. Suppose -3*j + z = -0*j + 4*u, -5*j + u = -155. List the prime factors of j.
2, 3, 5
Suppose -87 + 309 = 3*x. What are the prime factors of x/6 + (-2)/(-3)?
13
Let c be (36/(-45))/(4/10). Let g be 1/c*-10 + 1. What are the prime factors of -2*6/(3 - g)?
2
Let i = 4 + -2. Let k(l) = -4*l + i*l - 3*l - 6 + 8. List the prime factors of k(-3).
17
Suppose 3*o = -4*d + o - 2, -5*d - o + 2 = 0. Let s = d + 1. List the prime factors of 1573/26 + s/4.
61
Suppose -2*q = -4*q. Suppose q = -l + 2, -3*n + l + 59 = 7. What are the prime factors of n?
2, 3
Let u be (-1)/2 - (-226)/(-4). Let r = u + 15. Let h = 67 + r. What are the prime factors of h?
5
Let s = 422 - -175. List the prime factors of s.
3, 199
Let r = 157 - 62. Suppose -7 = 4*z - 4*j - 19, 2*z + 2*j - 6 = 0. Suppose -z*q + r = s, 0 = -q - 3*q + 2*s + 130. What are the prime factors of q?
2
Let k(u) = u**3 - u**2 - 4*u + 2. Let q be (1 + -2)/((-1)/3). Suppose 0 = -q*f + 1 + 8. List the prime factors of k(f).
2
Suppose -5*u = -y + 575, -y + 574 = -7*u + 3*u. Suppose -5*z = -5*d + y, -d - z = -4*z - 124. What are the prime factors of d?
109
Suppose 2*v + 3*v - 6495 = 0. List the prime factors of v.
3, 433
Suppose 0 = -12*l - 2595 + 7935. List the prime factors of l.
5, 89
Suppose 556 = -8*y + 1724. Suppose -4*l = -c - 563, 0 = l + c - 3*c - y. List the prime factors of l.
2, 5, 7
Let p(c) be the second derivative of 1/3*c**4 + 1/6*c**3 - 9/2*c**2 + 3*c + 0. List the prime factors of p(-3).
2, 3
Suppose 3*m = 5 + 1249. What are the prime factors of (-5)/15 - m/(-3)?
139
List the prime factors of 1095*-2*(-4)/6 - -3.
7, 11, 19
Let r(p) = -p**3 - 23*p**2 - 7*p - 111. List the prime factors of r(-25).
2, 3, 73
Let z(a) = a**2 - 3*a - 14. Let i be z(6). Suppose 3*u = -i + 7. List the prime factors of -2 + 6 + 23/u.
3
Suppose 5*r = 3*r + 300. Let g = -81 + r. List the prime factors of g.
3, 23
Let a = -12 - -7. Let h be -3 + 0 + (-2 - a). Suppose h = -x + 17 - 3. What are the prime factors of x?
2, 7
Let g = -196 - -330. What are the prime factors of g - (-2)/10*0?
2, 67
Let r(k) = -57*k**2 - 3*k - 1. Let u(f) = 113*f**2 + 7*f + 2. Let a(b) = -13*r(b) - 6*u(b). What are the prime factors of a(1)?
61
Suppose -13 + 7 = 2*g. List the prime factors of (((-84)/(-5))/g)/(10/(-125)).
2, 5, 7
List the prime factors of (-4)/(-6) - (9 + (-69424)/12).
53, 109
Let l be (-32)/(-12)*4*(-9)/(-48). Suppose 0 = -l*o - 2*t - 0*t + 304, -3*t - 136 = -o. What are the prime factors of o?
2, 37
Let m(r) = -5 + r**3 + r**3 + 2*r**2 - 2*r + 4. Let l be 2/(4/(-18))*32/(-144). What are the prime factors of m(l)?
19
Suppose 40*v = 32*v + 6856. What are the prime factors of v?
857
Let n be 9*3/9 + -23. Let x(w) = -w + 7. What are the prime factors of x(n)?
3
Let s be 12/(-5)*30/(-9). Let w(y) = -2*y + 5. Let f be w(s). Let g = 23 + f. List the prime factors of g.
2, 3
Let u = 2644 - -381. What are the prime factors of u?
5, 11
Suppose 2 = 3*s + 2*q, -5*q = s + 8 - 0. Suppose 70 = s*m - 62. What are the prime factors of m?
2, 3, 11
Let a = -1600 + 1775. What are the prime factors of a?
5, 7
Suppose -3*n + 4021 = 5*z, 78*n - 3239 = -4*z + 83*n. List the prime factors of z.
2, 13, 31
Let q(a) = a**2 - 1. Let o(p) = -p**3 - 12*p**2 + 8*p + 13. Let w(n) = -o(n) - 6*q(n). Let x be w(-7). Suppose -6*g + g + 100 = x. List the prime factors of g.
2, 5
List the prime factors of (151/302)/((2/(-5564))/(-1)).
13, 107
Let a be (-1)/((-2)/(42/1)). Suppose 5*q = 2*q + c - 13, -3*q + 3*c - a = 0. Let i(g) = g**2 + 4. List the prime factors of i(q).
13
Suppose 2 = s - 6. Suppose 0 = d - 24 + s. Suppose -o - 2*r = -d, 0 = 3*o - 2*o - r - 28. List the prime factors of o.
2, 3
Let y(m) = 12*m**2 + 7*m - 13. Let j be y(7). Suppose -5*b + j = -b. Suppose 7*p = 4*p + b. List the prime factors of p.
2, 13
Let z(s) = -s**2 + 11. Let